
{"id":1522,"date":"2024-11-18T14:53:24","date_gmt":"2024-11-18T14:53:24","guid":{"rendered":"https:\/\/www.rxnhub.com\/?page_id=1522"},"modified":"2024-11-18T16:27:24","modified_gmt":"2024-11-18T16:27:24","slug":"case-2-ger","status":"publish","type":"page","link":"https:\/\/www.rxnhub.com\/index.php\/de\/case-2-ger\/","title":{"rendered":"Case 2 GER"},"content":{"rendered":"\n<div class=\"wp-block-group has-global-padding is-layout-constrained wp-block-group-is-layout-constrained\" style=\"margin-top:0;margin-bottom:0;padding-top:var(--wp--preset--spacing--20);padding-bottom:var(--wp--preset--spacing--20)\">\n<div class=\"wp-block-columns has-base-2-background-color has-background is-layout-flex wp-container-core-columns-is-layout-34bedc32 wp-block-columns-is-layout-flex\" style=\"border-radius:8px;margin-top:0;margin-bottom:0;padding-top:0;padding-right:0;padding-bottom:0;padding-left:0\">\n<div class=\"wp-block-column wow animate__animated animate__fadeInUp is-layout-flow wp-block-column-is-layout-flow\">\n<div class=\"wp-block-group has-global-padding is-layout-constrained wp-container-core-group-is-layout-b6566b0e wp-block-group-is-layout-constrained\" style=\"margin-top:0;margin-bottom:0;padding-top:var(--wp--preset--spacing--50);padding-right:0;padding-bottom:0;padding-left:0\">\n<p class=\"has-contrast-color has-text-color has-link-color has-large-font-size wp-elements-7c50f091e58ac587b2215dc24088034f\" style=\"padding-top:0;padding-right:0;padding-bottom:var(--wp--preset--spacing--20);padding-left:0;font-style:normal;font-weight:600\">Umdefinition von Brainstorming und Ideengenerierung<\/p>\n<\/div>\n\n\n\n<div class=\"wp-block-group has-body-font-family has-medium-font-size has-global-padding is-layout-constrained wp-container-core-group-is-layout-72190d31 wp-block-group-is-layout-constrained\" style=\"margin-top:0;margin-bottom:0;padding-top:0;padding-right:0;padding-bottom:0;padding-left:0;line-height:1.7\">\n<p class=\"has-contrast-color has-text-color has-link-color has-mdm-large-font-size wp-elements-5a4f81385add200e9079c1b12f176c3f\" style=\"padding-top:0;padding-right:0;padding-bottom:0;padding-left:0\">Im Bereich der chemischen Wissenschaften ist die retrosynthetische Analyse seit langem ein Grundpfeiler der Innovation. Dieser iterative und kooperative Prozess beruht auf der Generierung und Verfeinerung von Ideen, wobei Chemiker die Beitr\u00e4ge ihrer Kolleginnen und Kollegen nutzen, um sowohl praktische als auch kreative L\u00f6sungen zu entwickeln. Die Verwaltung des enormen Wissens, das in diesem dynamischen Umfeld generiert wird, stellt jedoch eine erhebliche Herausforderung dar.<\/p>\n\n\n\n<p class=\"has-contrast-color has-text-color has-link-color has-mdm-large-font-size wp-elements-bbd337da15c147adf501a4c7e187b7c3\" style=\"padding-top:0;padding-right:0;padding-bottom:0;padding-left:0\">Um diesem Anliegen zu begegnen, haben Wissenschaftler zunehmend fortschrittliche Wissensmanagementsysteme eingef\u00fchrt, die darauf ausgelegt sind, ihre Erkenntnisse zu erfassen und zu organisieren. Diese Systeme gehen \u00fcber die blo\u00dfe Speicherung von Daten hinaus; sie verbessern den kooperativen Prozess selbst. Durch die Implementierung eines effektiven Wissensmanagements stellen die Forschenden sicher, dass wertvolle Erkenntnisse bewahrt und leicht zug\u00e4nglich sind, was ein Umfeld f\u00f6rdert, in dem neue Ideen gedeihen k\u00f6nnen.<\/p>\n\n\n\n<p class=\"has-contrast-color has-text-color has-link-color has-mdm-large-font-size wp-elements-a2902f60bd55fd7b5fc20bbf9efa1200\" style=\"padding-top:0;padding-right:0;padding-bottom:0;padding-left:0\">Ein entscheidender Aspekt dieses Prozesses ist das Erfassen und Organisieren der umfangreichen Informationen, die von Chemikern generiert werden. Dies beginnt mit einem einfachen Ansatz: Wissenschaftler zeichnen ihre Ideen direkt mit Hilfe von Werkzeugen auf, die es Chemikern erm\u00f6glichen, molekulare Strukturen zu erstellen und zu bearbeiten. Diese Informationen werden anschlie\u00dfend verarbeitet und systematisch gespeichert. Das Hauptziel besteht darin, sicherzustellen, dass jedes Informationsfragment\u2014ob es sich um ein einfaches Molek\u00fcl oder einen komplexen Reaktionsweg handelt\u2014dokumentiert und in das umfassendere Wissensframework integriert wird.<\/p>\n\n\n\n<div class=\"wp-block-group has-global-padding is-layout-constrained wp-block-group-is-layout-constrained\" style=\"padding-top:var(--wp--preset--spacing--20)\">\n<figure data-wp-context=\"{&quot;imageId&quot;:&quot;69e8b819b993a&quot;}\" data-wp-interactive=\"core\/image\" data-wp-key=\"69e8b819b993a\" class=\"wp-block-image aligncenter size-full is-resized wp-lightbox-container\"><img loading=\"lazy\" decoding=\"async\" width=\"1280\" height=\"979\" data-wp-class--hide=\"state.isContentHidden\" data-wp-class--show=\"state.isContentVisible\" data-wp-init=\"callbacks.setButtonStyles\" data-wp-on--click=\"actions.showLightbox\" data-wp-on--load=\"callbacks.setButtonStyles\" data-wp-on-window--resize=\"callbacks.setButtonStyles\" src=\"https:\/\/www.rxnhub.com\/wp-content\/uploads\/2024\/05\/Fig-7.png\" alt=\"\" class=\"wp-image-1155\" style=\"box-shadow:var(--wp--preset--shadow--natural);width:700px\" srcset=\"https:\/\/www.rxnhub.com\/wp-content\/uploads\/2024\/05\/Fig-7.png 1280w, https:\/\/www.rxnhub.com\/wp-content\/uploads\/2024\/05\/Fig-7-300x229.png 300w, https:\/\/www.rxnhub.com\/wp-content\/uploads\/2024\/05\/Fig-7-1024x783.png 1024w, https:\/\/www.rxnhub.com\/wp-content\/uploads\/2024\/05\/Fig-7-768x587.png 768w\" sizes=\"auto, (max-width: 1280px) 100vw, 1280px\" \/><button\n\t\t\tclass=\"lightbox-trigger\"\n\t\t\ttype=\"button\"\n\t\t\taria-haspopup=\"dialog\"\n\t\t\taria-label=\"Enlarge\"\n\t\t\tdata-wp-init=\"callbacks.initTriggerButton\"\n\t\t\tdata-wp-on--click=\"actions.showLightbox\"\n\t\t\tdata-wp-style--right=\"state.imageButtonRight\"\n\t\t\tdata-wp-style--top=\"state.imageButtonTop\"\n\t\t>\n\t\t\t<svg xmlns=\"http:\/\/www.w3.org\/2000\/svg\" width=\"12\" height=\"12\" fill=\"none\" viewBox=\"0 0 12 12\">\n\t\t\t\t<path fill=\"#fff\" d=\"M2 0a2 2 0 0 0-2 2v2h1.5V2a.5.5 0 0 1 .5-.5h2V0H2Zm2 10.5H2a.5.5 0 0 1-.5-.5V8H0v2a2 2 0 0 0 2 2h2v-1.5ZM8 12v-1.5h2a.5.5 0 0 0 .5-.5V8H12v2a2 2 0 0 1-2 2H8Zm2-12a2 2 0 0 1 2 2v2h-1.5V2a.5.5 0 0 0-.5-.5H8V0h2Z\" \/>\n\t\t\t<\/svg>\n\t\t<\/button><\/figure>\n<\/div>\n\n\n\n<p class=\"has-text-align-center has-medium-font-size\">Abbildung 1: Die gleichzeitige Verwaltung aller unterschiedlichen Ideen ist der einzige Weg, um ein Optimum zu finden<\/p>\n\n\n\n<p class=\"has-contrast-color has-text-color has-mdm-large-font-size\">Um dies zu optimieren, wird ein standardisiertes dreistufiges Verfahren angewendet. Zun\u00e4chst geben die Wissenschaftler ihre Ideen \u00fcber eine benutzerfreundliche Schnittstelle ein, wo sie entweder neue Strukturen zeichnen oder bestehende modifizieren k\u00f6nnen. Anschlie\u00dfend werden die Daten \u00fcbersetzt und angereichert, um ein strukturiertes Format zu schaffen, das die Verwaltung und Verkn\u00fcpfung mit anderen Informationen erleichtert. Schlie\u00dflich werden diese verarbeiteten Daten in einem zentralen System gespeichert.<\/p>\n\n\n\n<p class=\"has-contrast-color has-text-color has-mdm-large-font-size\">Ein zentrales Merkmal dieses Systems ist die F\u00e4higkeit, gespeicherte Informationen automatisch zu aktualisieren und zu verfeinern. Wenn ein Wissenschaftler eine neue Idee einreicht, \u00fcberpr\u00fcft das System, ob diese bereits in der Datenbank vorhanden ist. Falls nicht, wird ein neuer Eintrag erstellt und die erforderlichen Beziehungen werden hergestellt. Dar\u00fcber hinaus enth\u00e4lt das System Mechanismen zur weiteren Datenanreicherung. Wissenschaftler k\u00f6nnen zus\u00e4tzliche Metadaten, wie Reaktionsbedingungen und Erfolgschancen, bereitstellen, die dann in das System integriert werden. Diese zus\u00e4tzlichen Details erh\u00f6hen den Wert der Informationen und machen sie n\u00fctzlicher f\u00fcr zuk\u00fcnftige Forschungs- und Entwicklungsprojekte.<\/p>\n\n\n\n<p class=\"has-contrast-color has-text-color has-mdm-large-font-size\">Dar\u00fcber hinaus ist das System darauf ausgelegt, Daten aus verschiedenen Quellen, einschlie\u00dflich Fachliteratur und bestehenden Datenbanken, zu integrieren. Diese F\u00e4higkeit erweitert den Umfang der Wissensbasis und stellt sicher, dass alle relevanten Informationen ber\u00fccksichtigt werden und dass Wissenschaftler Zugang zu den umfassendsten verf\u00fcgbaren Datens\u00e4tzen haben. Nach Validierung auf Genauigkeit und Integrit\u00e4t wird die Daten anderen Forschenden zur Verf\u00fcgung gestellt. Dieses zentrale Repository erm\u00f6glicht es den Wissenschaftlern, die Arbeiten ihrer Kolleginnen und Kollegen einzusehen und darauf aufzubauen, wodurch ein kooperatives Umfeld gef\u00f6rdert wird, in dem neue Ideen schnell weiterentwickelt und verbessert werden k\u00f6nnen.<\/p>\n\n\n\n<p class=\"has-contrast-color has-text-color has-link-color has-large-font-size wp-elements-8ffe07e8e98d2039bef62278e9b46cb8\" style=\"padding-top:var(--wp--preset--spacing--10);padding-right:0;padding-bottom:var(--wp--preset--spacing--10);padding-left:0\">Erh\u00f6hung der chemischen Forschung durch fortschrittliches Wissensmanagement<\/p>\n\n\n\n<p class=\"has-contrast-color has-text-color has-link-color has-mdm-large-font-size wp-elements-836f04d11835ddba0c7f48e3c0a06515\" style=\"padding-top:0;padding-right:0;padding-bottom:0;padding-left:0\">Die Integration fortschrittlicher Wissensmanagementsysteme stellt einen transformativen Wandel in der chemischen Forschung dar, der die Art und Weise, wie wissenschaftliche Erkenntnisse erfasst und genutzt werden, grundlegend verbessert. Diese anspruchsvollen Plattformen gehen \u00fcber die blo\u00dfe Datenspeicherung hinaus; sie fungieren als dynamische Werkzeuge zur Organisation und Anreicherung von Informationen. Durch die systematische Dokumentation und Verkn\u00fcpfung molekularer Strukturen, Reaktionswege und experimenteller Bedingungen stellen diese Systeme sicher, dass jedes wertvolle Wissen bewahrt und leicht zug\u00e4nglich ist. Dieser umfassende Ansatz sch\u00fctzt nicht nur wichtige Daten, sondern optimiert auch den Prozess, auf bestehender Forschung aufzubauen, wodurch das Tempo von Entdeckung und Innovation beschleunigt wird.<\/p>\n\n\n\n<p class=\"has-contrast-color has-text-color has-link-color has-mdm-large-font-size wp-elements-c47873185d217d35bc3fe0af8eebb16e\" style=\"padding-top:0;padding-right:0;padding-bottom:0;padding-left:0\">Unsere Plattform veranschaulicht diesen fortschrittlichen Ansatz, indem sie eine robuste Umgebung zur Verwaltung und Erweiterung wissenschaftlichen Wissens bietet. Sie erleichtert die nahtlose Dateneingabe und -integration, sodass Forschende Ideen kollaborativ einbringen und verfeinern k\u00f6nnen. Mit Funktionen, die Echtzeit-Updates, Datenanreicherung und automatische Validierung unterst\u00fctzen, sorgt unser System daf\u00fcr, dass die Wissensbasis genau und aktuell bleibt. Durch die Bereitstellung eines zentralen Repositories, in dem Wissenschaftler die Arbeiten ihrer Kolleginnen und Kollegen visualisieren und darauf aufbauen k\u00f6nnen, f\u00f6rdert unsere Plattform eine kooperative Atmosph\u00e4re, die den Fortschritt vorantreibt und neue Forschungswege er\u00f6ffnet. Dieses koh\u00e4rente Framework verbessert nicht nur die Effizienz des Forschungsprozesses, sondern verst\u00e4rkt auch die Wirkung jedes wissenschaftlichen Beitrags und ebnet den Weg f\u00fcr Durchbr\u00fcche und Fortschritte in den chemischen Wissenschaften.<\/p>\n\n\n\n<div class=\"wp-block-buttons is-content-justification-right is-layout-flex wp-container-core-buttons-is-layout-3bf5aab5 wp-block-buttons-is-layout-flex\" style=\"margin-top:var(--wp--preset--spacing--30);margin-bottom:var(--wp--preset--spacing--10)\">\n<div class=\"wp-block-button has-custom-font-size is-style-fill has-mdm-large-font-size\"><a class=\"wp-block-button__link has-base-2-color has-contrast-3-background-color has-text-color has-background has-link-color has-border-color wp-element-button\" href=\"https:\/\/www.rxnhub.com\/index.php\/de\/cases-ger\/\" style=\"border-color:#ffffff;border-radius:5px;padding-top:5px;padding-right:var(--wp--preset--spacing--40);padding-bottom:5px;padding-left:var(--wp--preset--spacing--40)\">Zur\u00fcck<\/a><\/div>\n<\/div>\n<\/div>\n<\/div>\n<\/div>\n<\/div>\n\n\n\n<p><\/p>\n","protected":false},"excerpt":{"rendered":"<p>Umdefinition von Brainstorming und Ideengenerierung Im Bereich der chemischen Wissenschaften ist die retrosynthetische Analyse seit langem ein Grundpfeiler der Innovation. Dieser iterative und kooperative Prozess beruht auf der Generierung und Verfeinerung von Ideen, wobei Chemiker die Beitr\u00e4ge ihrer Kolleginnen und Kollegen nutzen, um sowohl praktische als auch kreative L\u00f6sungen zu entwickeln. Die Verwaltung des enormen [&hellip;]<\/p>\n","protected":false},"author":1,"featured_media":0,"parent":0,"menu_order":0,"comment_status":"closed","ping_status":"closed","template":"","meta":{"footnotes":""},"class_list":["post-1522","page","type-page","status-publish","hentry"],"_links":{"self":[{"href":"https:\/\/www.rxnhub.com\/index.php\/wp-json\/wp\/v2\/pages\/1522","targetHints":{"allow":["GET"]}}],"collection":[{"href":"https:\/\/www.rxnhub.com\/index.php\/wp-json\/wp\/v2\/pages"}],"about":[{"href":"https:\/\/www.rxnhub.com\/index.php\/wp-json\/wp\/v2\/types\/page"}],"author":[{"embeddable":true,"href":"https:\/\/www.rxnhub.com\/index.php\/wp-json\/wp\/v2\/users\/1"}],"replies":[{"embeddable":true,"href":"https:\/\/www.rxnhub.com\/index.php\/wp-json\/wp\/v2\/comments?post=1522"}],"version-history":[{"count":5,"href":"https:\/\/www.rxnhub.com\/index.php\/wp-json\/wp\/v2\/pages\/1522\/revisions"}],"predecessor-version":[{"id":1755,"href":"https:\/\/www.rxnhub.com\/index.php\/wp-json\/wp\/v2\/pages\/1522\/revisions\/1755"}],"wp:attachment":[{"href":"https:\/\/www.rxnhub.com\/index.php\/wp-json\/wp\/v2\/media?parent=1522"}],"curies":[{"name":"wp","href":"https:\/\/api.w.org\/{rel}","templated":true}]}}